 the prime factors of b?
2, 5
Let t be 2/(-6) - -11*(-15)/(-9). Let z = t - -46. What are the prime factors of z?
2
Suppose 4*l = -2*z + 18, -l + 3 = -3*z + 2. What are the prime factors of l/(-10) + (-684)/(-10)?
2, 17
Suppose -9*c + 1146 = -3039. List the prime factors of c.
3, 5, 31
Let t(g) = -4*g**3 - 2*g**2 + g + 2. Let m be t(-1). Suppose 9 = m*o + 4*u - 114, 0 = 4*o - u - 164. List the prime factors of o.
41
Let x = -16 - -18. Suppose x*l = 8*l. Suppose l = 5*b - 8*b + 156. List the prime factors of b.
2, 13
Let x(c) be the first derivative of -25*c**2/2 - 2*c + 29. What are the prime factors of x(-6)?
2, 37
Suppose -151 = -2*w + 277. What are the prime factors of (w/6*-3)/(-1)?
107
Let k = -11 + 14. Suppose -k*n - 30 = -2*j - 3*j, 2*j + n - 1 = 0. Suppose -j*p + 214 = 67. What are the prime factors of p?
7
Suppose 5*v - 5*s - 928 + 343 = 0, 4 = s. Suppose -2*q + 2*x = -v - 65, q - 103 = -x. What are the prime factors of q?
2, 7
Suppose -2*w + 7*w = -5*k - 25, -5*k - 5 = -5*w. What are the prime factors of k/(-2)*188/6?
47
Let a = -16 + 16. Suppose -5*v = -a*v + 180. List the prime factors of v/8*(-12)/2.
3
Suppose 2*f + 133 = -u - 237, 5*f = 4*u - 951. Let z = -44 - f. List the prime factors of z.
11, 13
Let x(s) = s - 26. Let p be x(28). List the prime factors of 2090/15*p/(8/6).
11, 19
Let g(q) = 134*q**3 - 2*q**2 - 2*q + 2. Let s be g(1). Suppose -2*v = -6*v + s. What are the prime factors of v?
3, 11
Let z(a) = -a**3 + 4*a**2 - 2*a - 14. Let m be z(-5). Let r = m + -158. What are the prime factors of r?
3, 7
Let c = 169 + 169. What are the prime factors of c?
2, 13
Suppose 2*b + 6 = 3*k - 17, 2*k = -b + 20. Suppose -3*d - k = -6*d. What are the prime factors of (17 - d)*(-1 - -2)?
2, 7
Let d = -25 + 27. Suppose -4*f - 9 = u, -u - 5*f - 4 = -d*f. List the prime factors of u.
11
Let g = 931 - 291. List the prime factors of g.
2, 5
Let x(o) = 13*o**3 - 4*o**2 + 3*o - 1. What are the prime factors of x(3)?
17, 19
Let m(z) = 2*z**2 - 8*z - 18. Let g be m(8). Let h = 20 + g. List the prime factors of h.
2, 3, 11
Let v(g) = 27*g**2 - 2*g - 6. Let h be v(3). Suppose -3*k + 2*o = -h, 3*k + 3*o - 32 = 184. List the prime factors of k.
3, 5
Let v = 181 + -283. What are the prime factors of ((-4)/6*-5)/((-4)/v)?
5, 17
Suppose 4*u = -3*z - 24 + 143, 0 = 3*z + 2*u - 127. List the prime factors of z.
3, 5
Let x = 79 - 52. Suppose 4*k = -5*a - 3, -4*k - k + 4*a = -x. Suppose -2*r + s = -k*s - 66, -5*r = -s - 147. List the prime factors of r.
29
Suppose 34*g - 50322 = 11354. List the prime factors of g.
2, 907
Let z = -3 - -5. Let o be z/18*-3*-15. Suppose 0 = -o*c + 116 + 159. What are the prime factors of c?
5, 11
Let f(a) = -a**3 + 11*a**2 - 8*a + 10. Let u be -6 - 3 - -1 - 1. Let x be (6/u)/(3/(-45)). List the prime factors of f(x).
2, 3, 5
Suppose 0 = -4*h - 16, -251 = -2*g - g + 2*h. Suppose w + 4*i - g = 0, -5*w + 166 + 217 = -2*i. List the prime factors of w.
7, 11
Let g(r) be the second derivative of -10*r**3/3 - 13*r**2/2 - 9*r - 1. List the prime factors of g(-11).
3, 23
Let q(d) = -6*d**2 - 2*d - 2. Let c be q(2). Let i be 12/c + 63/(-5). Let h = 4 - i. List the prime factors of h.
17
Let v = 2909 + -1946. What are the prime factors of v?
3, 107
Let q(h) = 29*h + 1. Let a be q(-1). Let t = a - -99. What are the prime factors of t?
71
Let a = 26 - 26. Suppose 2*o - k = 194, o + 3*k + k - 88 = a. List the prime factors of o.
2, 3
Let z = -8 - -25. Suppose -z + 107 = -3*k. Let d = k + 53. What are the prime factors of d?
23
Let c = 1681 + -252. List the prime factors of c.
1429
Suppose 5*a + 38 = 4*n, 4*a - 2 = 2*n - 18. Let j be (-532)/22 + n/66. Let o = -6 - j. List the prime factors of o.
2, 3
Let p(b) = 46*b**2 + 10*b + 46. What are the prime factors of p(-5)?
2, 3, 191
Suppose -12 = 2*d - 6*d. What are the prime factors of d/2*(-12)/18*-4?
2
List the prime factors of 6 - 14394/(-4)*(-16)/(-12).
2, 1201
Let h(v) = -1485*v**3 + v**2 - 29*v - 29. What are the prime factors of h(-1)?
2, 743
Let m be -4 + (1/(-2))/(2/(-4)). What are the prime factors of (248/m)/((-10)/15)?
2, 31
Suppose 0 = -j + 3*z + 3698, -3*j - 3698 = -4*j - 5*z. List the prime factors of j.
2, 43
Let q be -1 + (5 - (-40 - 1)). Suppose -6*k + 7*k - q = 0. List the prime factors of k.
3, 5
Suppose l - 9 = 3*n, -3*n - 21 = l - 0*l. Let o be 8/(l/3) + 7. Suppose -2*s - o = -19. What are the prime factors of s?
2
Suppose -i + a + 10 = 0, 5*i = -0*a + a + 58. Suppose -150 = 9*k - i*k. What are the prime factors of k?
2, 5
Let r(i) = -170*i**3 - 2*i**2 + 8. What are the prime factors of r(-2)?
2, 5, 17
What are the prime factors of 60176/10 - (-1)/(25/(-15))?
11, 547
Suppose 16*u = 7*u - 36. What are the prime factors of (6 - -2) + u + 16 + 1?
3, 7
Let i = -123 + 123. Suppose -r = -2*r. Suppose i = 4*u + u - 15, -2*p + 3*u - 1 = r. What are the prime factors of p?
2
Let s be 0/(-2) - (-1 - 4). Let t be -2*8/(-6) - (-11)/33. Suppose 114 = s*f - 2*f + t*x, -2*f - x + 72 = 0. What are the prime factors of f?
2, 17
Suppose 0 = -3*h + 15 + 21. Suppose h = -u + 5*u. List the prime factors of 13/3*u - -1.
2, 7
Let n = -5 - -11. Suppose 4*h + n = h. List the prime factors of (-1)/2*h*3.
3
Suppose -3*y + 388 = 2*y + d, 0 = 5*y - 3*d - 376. List the prime factors of y.
7, 11
Suppose -4*s - 13036 = -4*w, 5*w - 16301 = 3*s - 0*s. List the prime factors of w.
2, 7, 233
Let u(f) = -1686*f**3 - f**2 + f. Let t be u(1). List the prime factors of t/(-9) - (-7)/(-21).
11, 17
Suppose 7109 + 1779 = 22*w. List the prime factors of w.
2, 101
Suppose 8*a + 19 = 9*a. Suppose a + 32 = n. Let r = n - 22. What are the prime factors of r?
29
Suppose w = -2*a, -2*a - 6 = 2*w - 2. Suppose -a*l = -371 + 91. List the prime factors of l.
2, 5, 7
Let b be (1/(-2))/((-2)/(-216)). Let s = 122 + b. What are the prime factors of s?
2, 17
Let q(h) = -h**2 + 21*h - 6. Let m be q(20). Suppose 0 = -0*k + m*k - 2156. What are the prime factors of k?
2, 7, 11
Suppose -1040 = -b + 4*o, 3*o + 5183 = 6*b - b. What are the prime factors of b?
2, 7, 37
Let n(x) = -11*x - 351. List the prime factors of n(-49).
2, 47
Let x be (-152)/(-1)*(3 - (-4 + 5)). Let u = x + -180. List the prime factors of u.
2, 31
Suppose -63*b - 11038 = -65*b - 5*t, 2*b = -3*t + 11038. What are the prime factors of b?
5519
What are the prime factors of 882/(-35)*(-19 + -11)?
2, 3, 7
List the prime factors of -20*20/3*1512/(-450).
2, 7
Let h = 136 - 136. Let u(p) = p**3 - 5*p**2 + 7*p - 4. Let m be u(4). Suppose -2*s - m + 98 = h. What are the prime factors of s?
3, 5
Let h = 623 + -322. List the prime factors of h.
7, 43
Let c(b) be the third derivative of 3*b**6/40 + b**4/8 + b**3/2 + 36*b**2. List the prime factors of c(2).
3
Let r be (-52)/(-8) + -4 - 3/6. What are the prime factors of ((-23)/r)/(94/24 + -4)?
2, 3, 23
Let y be 12/(-10)*(-260)/(-39). Let u = y + 27. Suppose j + u - 48 = 0. List the prime factors of j.
29
Let l = -15 - -63. Let d = l + -9. Suppose 5*f - 36 = d. List the prime factors of f.
3, 5
Suppose -6 = -9*s + 6*s. Suppose 4*h + s*t = 5*t + 353, -h + 2*t = -87. List the prime factors of h.
89
List the prime factors of (-10364)/(-24) - -4*(-5)/(-120).
2, 3
Let z(s) = 481*s**3 + s**2 + 6*s - 8. What are the prime factors of z(1)?
2, 3, 5
Let c(a) = 16*a**2 - 72*a + 7. What are the prime factors of c(7)?
7, 41
List the prime factors of 8/5*4475/5.
2, 179
Let t be (-32 + -1 + 1)*1. Let a = 58 + t. What are the prime factors of a?
2, 13
Suppose -2*m + 20 = -40*b + 45*b, -4*m - 4*b = -64. What are the prime factors of m?
2, 5
Let j = 50 + -31. Let c be (3 + 1)*5/(-4). Let r = j - c. List the prime factors of r.
2, 3
Let c(f) = 20*f**2 + 2*f - 3. Let v(n) = -39*n**2 - 4*n + 6. Let k(d) = -10*c(d) - 6*v(d). What are the prime factors of k(2)?
2, 3, 23
Let p(o) = -3586*o**3 + 21*o**2 + 24*o + 2. What are the prime factors of p(-1)?
3, 5, 239
Suppose 244*h = 240*h + 3524. What are the prime factors of h?
881
Let s = -3516 + 7818. What are the prime factors of s?
2, 3, 239
Let i = 25 + -1. Let o = i - -3. Let f = o + 39. List the prime factors of f.
2, 3, 11
Let x be (-1)/(-4) + (-131)/(-4). Suppose i + 8 = d + x, i - 4*d = 28. Let w = -10 + i. What are the prime factors of w?
2, 7
Suppose -5*q + 3*w + 19 = 0, 2*q - 17 = -w - 5. Let 